the tens digit of 1781278?
7
What is the thousands digit of 2803008?
3
What is the units digit of 365076?
6
What is the hundreds digit of 210067?
0
What is the units digit of 17590194?
4
What is the thousands digit of 64886?
4
What is the units digit of 502894?
4
What is the millions digit of 1952597?
1
What is the hundreds digit of 295449?
4
What is the tens digit of 2796859?
5
What is the units digit of 90967?
7
What is the thousands digit of 86794?
6
What is the hundred thousands digit of 11037917?
0
What is the tens digit of 687886?
8
What is the hundred thousands digit of 4840137?
8
What is the thousands digit of 53194?
3
What is the tens digit of 2269705?
0
What is the ten thousands digit of 333590?
3
What is the ten thousands digit of 608594?
0
What is the millions digit of 2637918?
2
What is the hundreds digit of 149222?
2
What is the units digit of 433567?
7
What is the tens digit of 544980?
8
What is the hundred thousands digit of 1011105?
0
What is the units digit of 414060?
0
What is the tens digit of 16359775?
7
What is the units digit of 12756797?
7
What is the hundreds digit of 211565?
5
What is the ten thousands digit of 79994?
7
What is the hundred thousands digit of 421414?
4
What is the hundreds digit of 966339?
3
What is the ten thousands digit of 1024562?
2
What is the ten thousands digit of 109163?
0
What is the hundred thousands digit of 132494?
1
What is the ten thousands digit of 237951?
3
What is the hundred thousands digit of 278172?
2
What is the thousands digit of 15897?
5
What is the hundred thousands digit of 6547688?
5
What is the units digit of 43388?
8
What is the tens digit of 127210?
1
What is the thousands digit of 2373773?
3
What is the hundreds digit of 602847?
8
What is the units digit of 360432?
2
What is the hundreds digit of 2011626?
6
What is the millions digit of 15361575?
5
What is the thousands digit of 269376?
9
What is the ten thousands digit of 19715873?
1
What is the thousands digit of 889578?
9
What is the units digit of 589627?
7
What is the hundreds digit of 3450248?
2
What is the millions digit of 36365440?
6
What is the ten thousands digit of 163287?
6
What is the thousands digit of 424853?
4
What is the hundreds digit of 2754341?
3
What is the hundred thousands digit of 1205621?
2
What is the units digit of 207728?
8
What is the hundreds digit of 299034?
0
What is the tens digit of 6806705?
0
What is the hundreds digit of 16680520?
5
What is the hundred thousands digit of 619809?
6
What is the tens digit of 452250?
5
What is the thousands digit of 5692566?
2
What is the hundred thousands digit of 551354?
5
What is the tens digit of 347169?
6
What is the millions digit of 1098500?
1
What is the thousands digit of 5256606?
6
What is the tens digit of 12800126?
2
What is the units digit of 1316536?
6
What is the millions digit of 4350413?
4
What is the units digit of 18770422?
2
What is the hundred thousands digit of 274959?
2
What is the ten thousands digit of 2195398?
9
What is the millions digit of 2602793?
2
What is the hundred thousands digit of 177776?
1
What is the units digit of 7782590?
0
What is the units digit of 231722?
2
What is the tens digit of 660294?
9
What is the units digit of 3636386?
6
What is the ten thousands digit of 26031701?
3
What is the hundreds digit of 384264?
2
What is the hundreds digit of 21491972?
9
What is the thousands digit of 522444?
2
What is the tens digit of 9771?
7
What is the hundreds digit of 281424?
4
What is the hundred thousands digit of 24143391?
1
What is the millions digit of 1988076?
1
What is the units digit of 7681025?
5
What is the hundred thousands digit of 3310630?
3
What is the hundred thousands digit of 1467539?
4
What is the units digit of 8324668?
8
What is the hundred thousands digit of 3784287?
7
What is the units digit of 12889054?
4
What is the hundreds digit of 2796321?
3
What is the thousands digit of 5614736?
4
What is the thousands digit of 4476186?
6
What is the ten thousands digit of 321328?
2
What is the units digit of 49364?
4
What is the millions digit of 6841472?
6
What is the units digit of 9783392?
2
What is the thousands digit of 31147?
1
What is the units digit of 36430?
0
What is the hundred thousands digit of 1959084?
9
What is the ten thousands digit of 4902124?
0
What is the millions digit of 14769590?
4
What is the ten thousands digit of 417422?
1
What is the units digit of 225842?
2
What is the millions digit of 4919971?
4
What is the ten thousands digit of 324033?
2
What is the ten thousands digit of 66153?
6
What is the tens digit of 1206303?
0
What is the hundreds digit of 91063?
0
What is the units digit of 231790?
0
What is the units digit of 3358220?
0
What is the hundred thousands digit of 17028933?
0
What is the millions digit of 8673476?
8
What is the hundreds digit of 922207?
2
What is the units digit of 9956346?
6
What is the hundreds digit of 146532?
5
What is the thousands digit of 11079005?
9
What is the thousands digit of 227621?
7
What is the millions digit of 4092969?
4
What is the hundreds digit of 2173008?
0
What is the units digit of 1931190?
0
What is the units digit of 424383?
3
What is the millions digit of 1551282?
1
What is the ten thousands digit of 944212?
4
What is the units digit of 159994?
4
What is the thousands digit of 1150191?
0
What is the hundreds digit of 6849783?
7
What is the ten thousands digit of 2640630?
4
What is the ten millions digit of 11701500?
1
What is the hundred thousands digit of 1328915?
3
What is the tens digit of 12813?
1
What is the hundreds digit of 2286080?
0
What is the hundreds digit of 1544218?
2
What is the hundreds digit of 209053?
0
What is the units digit of 3353?
3
What is the millions digit of 1721530?
1
What is the thousands digit of 883186?
3
What is the units digit of 628690?
0
What is the ten thousands digit of 162263?
6
What is the hundreds digit of 138026?
0
What is the hundred thousands digit of 109714?
1
What is the thousands digit of 145712?
5
What is the millions digit of 2463762?
2
What is the tens digit of 4077752?
5
What is the tens digit of 514321?
2
What is the tens digit of 28150633?
3
What is the hundreds digit of 181151?
1
What is the hundreds digit of 1241737?
7
What is the thousands digit of 3247555?
7
What is the tens digit of 1549881?
8
What is the hundreds digit of 19499507?
5
What is the hundreds digit of 2493892?
8
What is the millions digit of 1063763?
1
What is the ten thousands digit of 367187?
6
What is the hundred thousands digit of 2887960?
8
What is the ten thousands digit of 72292?
7
What is the tens digit of 2933960?
6
What is the hundreds digit of 21929?
9
What is the thousands digit of 1874843?
4
What is the units digit of 172883?
3
What is the units digit of 1208329?
9
What is the tens digit of 348679?
7
What is the units digit of 4442154?
4
What is the ten thousands digit of 378085?
7
What is the hundred thousands digit of 248130?
2
What is the hundreds digit of 227658?
6
What is the hundred thousands digit of 21793945?
7
What is the tens digit of 130051?
5
What is the hundreds digit of 9315451?
4
What is the ten millions digit of 11520358?
1
What is the units digit of 8041371?
1
What is the hundred thousands digit of 476849?
4
What is the thousands digit of 10659123?
9
What is the units digit of 7221083?
3
What is the hundreds digit of 4670878?
8
What is the hundreds digit of 688582?
5
What is the hundred thousands digit of 36258548?
2
What is the ten millions digit of 22931442?
2
What is the tens digit of 28714?
1
What is the tens digit of 1239794?
9
What is the hundreds digit of 9683467?
4
What is the hundreds digit of 296602?
6
What is the millions digit of 8168381?
8
What is the thousands digit of 134960?
4
What is the thousands digit of 1001174?
1
What is the thousands digit of 169134?
9
What is the hundreds digit of 86321?
3
What is the hundreds digit of 5627628?
6
What is the units digit of 2891431?
1
What is the ten thousands digit of 1185124?
8
What is the hundreds digit of 4292251?
2
What is the tens digit of 50086?
8
What is the ten thousands digit of 86975?
8
What is the units digit of 667658?
8
What is the tens digit of 9113006?
0
What is the thousands digit of 3500353?
0
What is the te